 1240361941.
7, 13, 1947193
List the prime factors of 242574863.
14947, 16229
What are the prime factors of 160826041?
160826041
What are the prime factors of 2633503833?
3, 29, 757, 1481
List the prime factors of 284667834.
2, 3, 11, 4313149
List the prime factors of 7884024024.
2, 3, 47, 6989383
List the prime factors of 11066091.
3, 3688697
List the prime factors of 2183533446.
2, 3, 363922241
What are the prime factors of 306663931?
7, 43809133
What are the prime factors of 1949055398?
2, 974527699
What are the prime factors of 65192402?
2, 11, 127, 23333
What are the prime factors of 5237469873?
3, 79, 349, 21107
What are the prime factors of 228431684?
2, 13, 31, 141707
List the prime factors of 72724317.
3, 17, 1425967
What are the prime factors of 5316142?
2, 13, 41, 4987
What are the prime factors of 43550588?
2, 10887647
List the prime factors of 71900692.
2, 17975173
What are the prime factors of 299286167?
271, 1104377
What are the prime factors of 1207494881?
9907, 121883
List the prime factors of 17099989.
1433, 11933
List the prime factors of 6413858992.
2, 400866187
List the prime factors of 1807007793.
3, 4177, 144203
List the prime factors of 2694384457.
61, 44170237
List the prime factors of 62834553.
3, 571, 12227
What are the prime factors of 1431781457?
83, 457, 37747
List the prime factors of 86271223.
86271223
What are the prime factors of 960810812?
2, 13, 139, 132929
What are the prime factors of 1203428542?
2, 8243, 72997
What are the prime factors of 104156110?
2, 5, 17, 29, 37, 571
What are the prime factors of 90554605?
5, 383, 47287
List the prime factors of 3269382871.
59, 89, 622621
List the prime factors of 3386038342.
2, 17, 5743, 17341
What are the prime factors of 12201651?
3, 7, 11, 5869
What are the prime factors of 1560517679?
7, 1543, 144479
What are the prime factors of 795587525?
5, 31823501
List the prime factors of 263286627.
3, 31, 2831039
List the prime factors of 1093613002.
2, 61, 127, 70583
List the prime factors of 28604327.
28604327
What are the prime factors of 1751888787?
3, 11, 19, 103, 27127
List the prime factors of 1191651477.
3, 397, 1000547
What are the prime factors of 269540946?
2, 3, 554611
List the prime factors of 35656950.
2, 3, 5, 7, 29, 1171
What are the prime factors of 3430842520?
2, 5, 7, 61, 200869
What are the prime factors of 97808358?
2, 3, 29, 307, 1831
List the prime factors of 147815858.
2, 19, 3889891
List the prime factors of 60291482.
2, 5273, 5717
List the prime factors of 50869907.
11, 4624537
List the prime factors of 11742777.
3, 1304753
What are the prime factors of 44569999?
131, 397, 857
What are the prime factors of 157918272?
2, 3, 19, 73, 593
List the prime factors of 1022378513.
13, 557, 10861
What are the prime factors of 2827084005?
3, 5, 19, 229, 4813
List the prime factors of 107225841.
3, 35741947
What are the prime factors of 15914017?
7, 2273431
List the prime factors of 392064313.
89, 4405217
What are the prime factors of 21349122?
2, 3, 19, 187273
What are the prime factors of 248771528?
2, 31, 1003111
List the prime factors of 1051456518.
2, 3, 7, 313, 8887
What are the prime factors of 909472600?
2, 5, 4547363
List the prime factors of 421847594.
2, 7, 30131971
List the prime factors of 198285089.
1423, 139343
List the prime factors of 520562070.
2, 3, 5, 7, 826289
List the prime factors of 146921040.
2, 3, 5, 7, 41, 79
What are the prime factors of 311171112?
2, 3, 7, 131, 1571
List the prime factors of 134147496.
2, 3, 7, 37, 3083
What are the prime factors of 674261288?
2, 73, 127, 9091
List the prime factors of 219330028.
2, 54832507
List the prime factors of 286760207.
29, 47, 61, 3449
What are the prime factors of 452372240?
2, 5, 71, 73, 1091
What are the prime factors of 1944142710?
2, 3, 5, 64804757
List the prime factors of 36692023.
36692023
List the prime factors of 253971707.
11, 53, 367, 1187
List the prime factors of 36084093.
3, 31, 103, 3767
List the prime factors of 242821295.
5, 31, 229, 6841
List the prime factors of 2771917946.
2, 7, 28284877
List the prime factors of 156986018.
2, 7, 19, 331, 1783
What are the prime factors of 680314838?
2, 7, 23, 2112779
What are the prime factors of 266798231?
7, 29, 37, 35521
What are the prime factors of 434062885?
5, 19, 61, 74903
What are the prime factors of 626915260?
2, 5, 19, 269, 6133
What are the prime factors of 182103475?
5, 1289, 5651
List the prime factors of 1004262049.
7, 97, 1479031
List the prime factors of 1990323312.
2, 3, 41465069
What are the prime factors of 20158002?
2, 3, 439, 2551
What are the prime factors of 153029147?
153029147
What are the prime factors of 392081097?
3, 47, 167, 16651
What are the prime factors of 604088513?
7, 239, 7369
List the prime factors of 208543337.
208543337
What are the prime factors of 6267224616?
2, 3, 31, 73, 257, 449
List the prime factors of 1809089900.
2, 5, 18090899
What are the prime factors of 1094066113?
7, 19, 113, 72797
List the prime factors of 751582208.
2, 13, 43, 101
List the prime factors of 50593692.
2, 3, 1801, 2341
What are the prime factors of 3118653651?
3, 23, 47, 961657
List the prime factors of 172217356.
2, 107, 211, 1907
List the prime factors of 66499738.
2, 33249869
What are the prime factors of 553570192?
2, 7, 41, 120551
List the prime factors of 327174209.
167, 269, 7283
What are the prime factors of 2378576969?
193, 12324233
List the prime factors of 203023291.
109, 337, 5527
What are the prime factors of 1565826714?
2, 3, 47, 205651
What are the prime factors of 213309253?
61, 83, 42131
What are the prime factors of 9649133?
13, 742241
List the prime factors of 72572993.
29, 41, 67, 911
What are the prime factors of 5398454656?
2, 7, 491, 1753
What are the prime factors of 199592049?
3, 229, 290527
List the prime factors of 7962069.
3, 17, 156119
What are the prime factors of 172801656?
2, 3, 19, 126317
List the prime factors of 5028414127.
11, 41, 11149477
List the prime factors of 3575204733.
3, 5273, 226007
What are the prime factors of 172483441?
13, 13267957
List the prime factors of 256785169.
29, 59, 223, 673
List the prime factors of 47697418.
2, 4157, 5737
What are the prime factors of 3288442940?
2, 5, 17, 23, 79, 5323
What are the prime factors of 37138081?
17, 59, 61, 607
What are the prime factors of 788165282?
2, 113, 179, 19483
What are the prime factors of 54328260?
2, 3, 5, 7, 17, 1087
List the prime factors of 7355067068.
2, 17, 31, 359, 9719
What are the prime factors of 482825900?
2, 5, 257, 18787
What are the prime factors of 31593613?
31593613
List the prime factors of 1514599613.
79, 97, 197651
What are the prime factors of 21862463?
7, 3123209
List the prime factors of 1263354975.
3, 5, 623879
What are the prime factors of 1012923457?
7, 13, 11131027
List the prime factors of 84769846.
2, 7, 137, 193, 229
What are the prime factors of 222051257?
222051257
List the prime factors of 197255678.
2, 98627839
What are the prime factors of 37703362?
2, 1579, 11939
List the prime factors of 2164874094.
2, 3, 40090261
List the prime factors of 30164904.
2, 3, 7, 11, 5441
List the prime factors of 2987622421.
7, 23, 2357, 7873
List the prime factors of 427173300.
2, 3, 5, 89, 5333
List the prime factors of 1663189961.
23, 797, 90731
List the prime factors of 527288256.
2, 3, 11, 83221
List the prime factors of 782861755.
5, 13, 31, 107, 3631
List the prime factors of 1902979994.
2, 951489997
List the prime factors of 438544523.
438544523
What are the prime factors of 898992826?
2, 449496413
What are the prime factors of 1393487699?
2237, 622927
List the prime factors of 556951656.
2, 3, 347, 66877
List the prime factors of 1852671695.
5, 7, 52933477
What are the prime factors of 11044444?
2, 2761111
What are the prime factors of 682455049?
31, 419, 52541
What are the prime factors of 89666225?
5, 11, 19, 131
What are the prime factors of 14114747?
59, 239233
What are the prime factors of 17100497?
3307, 5171
List the prime factors of 365523316.
2, 1087, 84067
What are the prime factors of 363038252?
2, 90759563
What are the prime factors of 19366626?
2, 3, 3227771
List the prime factors of 12431854.
2, 271, 22937
List the prime factors of 573333679.
2311, 248089
List the prime 